x be v(0). Let r(c) be the third derivative of -1/2*c**3 + 0*c - 1/8*c**4 + c**2 + x. What is r(-2)?
3
Let v(r) = 3*r - 2*r - r + 9 + 2*r - 4*r. Determine v(11).
-13
Let l(p) = -p**3 - 6*p**2 + 5*p - 3. Suppose 4*x = -x + 3*s - 41, -4*x - 2*s - 24 = 0. Give l(x).
11
Let y(n) = -n**3 - 4*n**2 - 2*n + 2. Suppose 0 = -6*v - 14 + 2. Let g(q) = q**3 - 6*q**2 + 2*q - 6. Let h be g(6). Let s be (v - 2) + h + -4. Calculate y(s).
-2
Let i(q) be the third derivative of 0 + 2*q**3 + 0*q + q**2 + 1/24*q**4. Suppose j + 30 = -5*f, 16*j = -4*f + 15*j - 24. Give i(f).
6
Let j(r) = -r**3 - 18*r**2 + 6*r + 3. Let i(m) = 2*m**3 + 38*m**2 - 13*m - 7. Let z(o) = 6*i(o) + 13*j(o). Determine z(-6).
-3
Let l(c) = -c**2 + 18*c + 4. Suppose 6*b = -91 + 199. Give l(b).
4
Let f be (2 + 1)/(7 + -6). Suppose 15 = -f*o - 0*o. Let m(c) be the second derivative of c**5/20 + c**4/2 + 5*c**3/6 - 2*c**2 - 9*c. Calculate m(o).
-4
Let p(f) be the first derivative of 10 + 5/2*f**2 + 3*f - 1/4*f**4 - 2/3*f**3. Give p(-4).
15
Let f be ((-17)/85)/(2/(-40)). Let x(u) = 7*u - 1. Determine x(f).
27
Let y(c) = c - 6. Let w be y(3). Let v be 8/((-12)/45*-5). Let s be (w/v)/(6/(-12)). Let b(u) = -7*u**2 + u - 1. What is b(s)?
-7
Let f(t) = -1 + 8*t + 1 - t**2 - 2 - 3. Let b = 253 - 246. What is f(b)?
2
Let p(b) = -b + 6*b + 4*b + 10. Suppose -6*t - 20 = 16. Let j(l) = l + 1. Let w(g) = t*j(g) + p(g). What is w(-3)?
-5
Let k(n) be the second derivative of n**3 + 0 + 0*n**2 + 1/12*n**4 + 49*n. What is k(-8)?
16
Let l(w) = w**2 - 12*w - 1. Suppose 3*m = -12, -2*m - 34 = -g - 15. Calculate l(g).
-12
Let r(o) = -2*o**2 + 5*o + 2. Let j(v) = 2*v**2 + v + 1. Let m(t) = j(t) - r(t). Calculate m(3).
23
Suppose 2 + 3 = -5*z. Suppose 0 = c + c + 8. Let j = c - z. Let d(k) = -k - 6. What is d(j)?
-3
Let x(p) = p**3 - 4*p**2 + 4*p - 4. Let s be x(3). Let q(z) be the first derivative of -3*z**4 - z**3/3 - 453. What is q(s)?
11
Let r(u) be the second derivative of 3/2*u**2 + 2/3*u**4 + 6*u + 0 - 1/6*u**3 - 1/20*u**5. What is r(8)?
-5
Let i(a) = -9*a - 63. Let c be i(-7). Let p(g) = g**2 - g - 8. Give p(c).
-8
Let j(i) = 3*i**2 - 22*i - 12. Let c(x) = 4*x**2 - 23*x - 9. Let d(l) = -4*c(l) + 5*j(l). Calculate d(-17).
-7
Let f be (-30)/8 + (-3)/12. Let z(p) = -p + 3. Let l(k) = 1. Let j(t) = -9*l(t) + 2*z(t). Let b be j(f). Let h(w) = -w**3 + 4*w**2 + 4*w + 4. Calculate h(b).
-1
Let x(b) = 283 - b + 264 + 283 - 1154 + 288. Calculate x(0).
-36
Suppose -2*r - 5*l + 27 = 0, -2*r + l = r + 2. Let d(i) = -i + 1. Let n(p) = -4*p + 6. Let s(c) = r*n(c) - 2*d(c). Give s(6).
-8
Suppose -6*z + 26 + 16 = 0. Let u(v) = v**3 - 6*v**2 - 8*v + 9. Let f be u(z). Let i(t) = -2*t**2 + 4*t - 3. Determine i(f).
-3
Let c(p) = p**2 - 23*p + 37. Let a be c(21). Let s(t) = -t**3 - 5*t**2 + 4*t + 12. What is s(a)?
-8
Let c(w) be the first derivative of -8/3*w**3 - 23 - 3*w**2 + 7*w - 1/4*w**4. Calculate c(-7).
0
Let m = -61 + 83. Let r = m + -19. Let a(l) = -2*l**2 - 3*l + 3*l - 2 + 4*l. Determine a(r).
-8
Let a(l) be the second derivative of -l**6/120 + l**5/30 + l**4/6 - l**3/2 - 35*l**2/2 + 15*l. Let c(y) be the first derivative of a(y). Give c(3).
0
Let t(z) = z**3 - 4*z**2 - 4. Let k be 4/(-6) + (2 - 10/(-6)). Suppose -11*q = -k*q - 32. Give t(q).
-4
Suppose 34*a = 30*a. Let h(w) be the first derivative of w**3/3 - w**2/2 - 4*w + 3. What is h(a)?
-4
Let d be (40/3)/(1/9). Let i(b) = b**2 + 126*b - d*b - 2*b**2. Calculate i(6).
0
Let t(u) be the third derivative of -u**6/120 + u**4/6 + 2*u**3/3 - 15*u**2 - 2*u. What is t(-3)?
19
Let t = 146 + -135. Let o(p) = 4*p**2 - 3*p**2 + 2 - t*p**2 + p**3 + 5*p**2. Give o(5).
2
Let o(p) be the first derivative of -p**5/120 + 5*p**4/24 - 7*p**3 - 23. Let s(b) be the third derivative of o(b). What is s(7)?
-2
Let k(v) be the first derivative of -v**3/3 - 7*v**2/2 + 3*v - 2. Let m be 7/(-5)*(-14 + 9). Let x be (1/(-1))/(m/49). Give k(x).
3
Let t(r) be the second derivative of r**5/20 - 5*r**4/12 + r**3/3 - 2*r**2 - 27*r. Let a(k) = k**2 + 8*k - 15. Let s be a(-10). Calculate t(s).
6
Let y(w) = 72076*w**2 - 31 - 2*w + 3*w - 72075*w**2. Give y(-6).
-1
Let f(t) = t - 2. Let o = 17 + -14. Suppose 18 = -4*n + 3*n - o*v, 4*n + 20 = v. Let j be 12/(-8)*n/9. Determine f(j).
-1
Let p(t) = t**2 + 3*t - 3. Suppose -39 = 5*n - 149. Let x = n + -15. Suppose -4*s - 5*o = -8, 5*o - x = 13. What is p(s)?
-3
Let j(g) = -g**2 - 6*g + 7. Let c be 3 - 3 - 2*-1. Suppose 0 = -7*w + c*w + 10. Suppose -44 = 4*a - 0*p + 5*p, w*p + 8 = 0. What is j(a)?
7
Let t(h) = 3*h - 6. Let i(c) = 5*c - 11. Let u(s) = 6*i(s) - 11*t(s). Let p = 45 - 44. Give u(p).
-3
Let q(v) be the first derivative of -v**2/2 + 4*v - 2. Let s(h) = -1. Let n(l) = -l + 2. Let m(y) = -n(y) + 2*s(y). Let g(u) = 3*m(u) + 2*q(u). Determine g(3).
-1
Suppose 0 = 22*g - 30*g + 16. Let r(s) = 5*s - 1. Calculate r(g).
9
Let v be 3/(-12) + 38/(-8). Let c(h) = 2 + h**2 - 2 - 6 + 1 + 0*h + 3*h. Give c(v).
5
Let o(d) be the third derivative of -d**5/120 + d**4/24 + 2*d**3 + d**2. Let n(r) be the first derivative of o(r). Determine n(2).
-1
Let b(j) be the first derivative of 45*j**4/4 - 284. What is b(1)?
45
Let i(z) = 11*z + 1. Let l be (-520)/(-44) - 4/(-22). Let n be (1 - -1) + (-12)/l. Determine i(n).
12
Let c(y) be the second derivative of 1/24*y**4 + 0 - 5/3*y**3 - 2*y**2 + y. Let r(v) be the first derivative of c(v). What is r(0)?
-10
Let h(c) be the third derivative of 1/2*c**3 - 1/8*c**4 + 1/20*c**5 - 1/120*c**6 - 6*c**2 + 0*c + 0. What is h(4)?
-25
Let l(k) = -k**3 + k**2 - k - 4. Let y be l(0). Let m = y + 6. Let j(g) = -5*g**2 - 3*g + 4 + 4*g**m - 2*g. Give j(-6).
-2
Let h(j) be the first derivative of 25 - 1/2*j**2 + j. Let l = 9 + -5. Determine h(l).
-3
Let g(m) = -2059 - 13*m + 2012 + 22*m. Calculate g(5).
-2
Let l(o) = 13*o**3 + 40*o**2 - 179*o - 2. Let b(p) = -3*p**3 - 10*p**2 + 39*p + 1. Let g(n) = 9*b(n) + 2*l(n). Suppose 3*x + 5 = -22. Give g(x).
-13
Let j(n) = -3*n**2 - 6*n - 5. Suppose 0 = -8*z - 65 + 49. Calculate j(z).
-5
Let f(s) = s**3 - 11*s**2 + s - 13. Suppose 15*g = 9*g + 66. What is f(g)?
-2
Let w(v) be the third derivative of -v**8/6720 - v**7/504 - v**6/720 - v**5/24 - 13*v**4/24 - 21*v**2. Let b(g) be the second derivative of w(g). What is b(-5)?
0
Let c(k) = 16*k**3 + 3*k**2. Let x(l) = -7*l**3 - 2*l**2 + 1. Let a(j) = 3*c(j) + 7*x(j). Determine a(-5).
7
Let c(g) = 5*g**2 - 8*g - 2. Let m(q) = -7*q**2 + 7*q. Let y(a) = 4*c(a) + 3*m(a). What is y(-10)?
2
Suppose 5*a + 11 = 26. Suppose -16 = a*r + r, -3*k - r + 2 = 0. Let i(s) = s**k - 3 + s + 6 - 4 - 2. Determine i(-4).
9
Let l(r) = -2*r**2 + r - 3. Let n(m) = -5*m**2 + 2*m - 9. Let a(h) = -8*l(h) + 3*n(h). Let k be ((-30)/45)/((-2)/30). Let w = k + -5. What is a(w)?
12
Let h(r) = r**2 + 5*r + 4. Let k be h(-4). Let i(p) = -8*p + 2. Let q be i(0). Let c(d) = 3108 - 3117 - 2*d - d**q + 3*d. What is c(k)?
-9
Suppose 229 + 239 = -36*n. Let i(t) = -t**3 - 14*t**2 - 14*t - 16. Give i(n).
-3
Let h(z) = 8*z**3 - z**2 - 2*z + 4. Let d(m) = -7*m**3 + 2*m**2 + 2*m - 4. Let o(s) = 7*d(s) + 6*h(s). Determine o(8).
12
Let a(d) = -d**2 + 4*d + 7. Suppose 3*z - 31 + 10 = 0. Let u(q) = q**3 - 6*q**2 - 4*q - 15. Let f be u(z). Calculate a(f).
-5
Let b be 46/23*((-1)/2 - -1). Let s(z) = -z**3 + 8*z**2 - 7*z - 5. Let m be s(7). Let r be 3/(-3) + m*b. Let w(x) = -x**2 - 6*x + 5. Give w(r).
5
Let m(g) be the first derivative of -g**4/4 + 4*g**3/3 + 7*g**2/2 - 9*g - 1062. Determine m(5).
1
Let w(j) = -6*j + 95. Let y(q) = -2*q**2 - 62*q - 45. Let l be y(-30). What is w(l)?
5
Let j(g) = -g**3 - 5*g**2 - 3*g - 2. Let h(l) = -2*l**2 + 3*l + 24. Let a be h(-3). What is j(a)?
-11
Let f(i) be the first derivative of -i**4/4 + 3*i**3 + 9*i**2/2 + 7*i + 28. Calculate f(10).
-3
Let d be (-198)/(-88)*20/(-15). Let r(p) = -17*p - 1. Let k(o) = -26*o - 1. Let b(g) = -5*k(g) + 8*r(g). Calculate b(d).
15
Let f(w) = w**2 - 1. Let s(v) = -1. Let m(b) = -b - 11. Let r(d) = -m(d) + 3*s(d). Let q be r(-6). Let t = q + 1. Calculate f(t).
8
Let j be 0/1*(1 + 0). Let a = 261 - -187. Let u(d) = d**2 + 218 - a + 225. What is u(j)?
-5
Let m(z) be the third derivative of -z**5/60 + 3*z**4/8 - 2*z**2. Let a be (26 - (-6 - -4))*20/80. Give m(a).
14
Let k(t) = 17*t - 20*t + 8 + t. What is k(6)?
-4
Let o(f) = -f**3 - 7*f**2